 10*m(h). Let p be z(-2). What is the highest common factor of p and 90?
18
Suppose 0*b + 4*b = -3*f + 4300, -1075 = -b - f. What is the highest common factor of b and 50?
25
Let b = -846 + 854. Let m(p) = -4*p**3 + p**2 - 1. Suppose 2*l + 2 = -0*l. Let u be m(l). Calculate the highest common divisor of b and u.
4
Suppose -2*a + 12 = 0, -a = 4*r + 256 - 282. Suppose -13 = t + t - 3*x, 0 = 2*t + 4*x - 22. What is the highest common factor of t and r?
1
Let o be 22 - 32 - 6*-2. What is the highest common divisor of o and 22?
2
Let a = 535 - 814. Let w be 5 + a/(-6) - (-2)/4. What is the greatest common factor of 13 and w?
13
Suppose 3*q - 103 + 19 = -3*z, -4*z + 13 = q. What is the highest common factor of q and 8?
1
Let o be (-325)/(-15) + (-18)/(-54). What is the greatest common divisor of 297 and o?
11
Let b be (12/(-5))/((-2)/10). Let m = -533 + 617. What is the highest common divisor of b and m?
12
Suppose -5*d - 265 = -0*m - 3*m, -5*d + 215 = 3*m. Suppose 0 = -5*v + 33*v - 280. What is the greatest common divisor of v and m?
10
Let s(k) = k**3 - 4*k**2 - 5*k - 16. Let a be s(7). What is the highest common divisor of a and 256?
32
Let f(n) = n**3 + 67*n**2 - 67*n + 185. Let c be f(-68). What is the highest common factor of c and 312?
39
Let k(q) = 41*q**2 + q. Let c = -5 + 2. Let s be (5 + c)/(2*-1). Let g be k(s). Calculate the greatest common factor of 8 and g.
8
Suppose 6*i = -0*i + 150. What is the greatest common divisor of 15 and i?
5
Let s(m) = -m**3 - 8*m**2 - 15*m - 2. Let i be s(-6). Suppose -3*h - 11 = -5*u - 2*h, 0 = u + 5*h + 3. What is the greatest common factor of u and i?
2
Let u be (-50)/4 + 3/2. Let m = 16 + u. Calculate the highest common factor of 55 and m.
5
Suppose -6*j - 93 = -4*t - 11*j, 0 = -3*t + 4*j + 93. What is the highest common divisor of 15 and t?
3
Let k(l) = -7*l - 2. Let i be k(-3). Let o = 124 + i. Let r be 11/1 + 5 + 1 + -4. Calculate the highest common divisor of r and o.
13
Suppose 0 = -5*l - 25, -l = -x + 2*x + 3. Suppose 6*r - 32 = -h + 2*r, 3*h - x*r - 40 = 0. What is the highest common factor of 56 and h?
8
Suppose a + 3*g = 2, 0 = 3*a + g - 5*g + 7. Let u be 25 + (-3 - a)*1. What is the greatest common factor of u and 207?
23
Let q be (-1 - -11*1)*(-18)/12. Let s be (13 + q)*((-17)/2 + 1). Calculate the highest common divisor of s and 60.
15
Let t be (-1*189/6)/(60/(-320)). Calculate the highest common divisor of t and 448.
56
Let z be 2 + (-3)/(1 - -2). Let u(o) = 2*o - 2. Let a be u(z). Suppose -4*c - f = -8*c + 38, a = 2*f - 4. What is the greatest common divisor of 10 and c?
10
Let c(m) = 84*m - 3. Let p(d) = 2 - d - 2*d - 17*d - 36*d. Let b(w) = 5*c(w) + 7*p(w). Let q be b(2). Calculate the highest common factor of q and 11.
11
Let s = -12 + 25. Let p be (2 + 20/(-8))*-10. Suppose -p*w + 2*b + 579 = 0, 480 = 4*w + 2*b + 2*b. Calculate the greatest common factor of w and s.
13
Let o(j) = j + 6. Let g be o(-2). Suppose -h - 3*h + 362 = 3*q, 0 = -4*h + g*q + 376. Calculate the highest common factor of h and 230.
46
Suppose -2*m - 5*h = 31, 3*m - h = 2*h - 57. Let l be -18*-3*(-2)/m. What is the highest common factor of 6 and l?
6
Suppose 8*d + 190 = 13*d. Let n be 56/1 - (-10 + 9). Calculate the greatest common factor of n and d.
19
Suppose -4*x = -5*x + 5. Suppose -19 = -x*z + 1. Suppose 120 + 72 = 8*u. What is the greatest common divisor of z and u?
4
Let c(w) = 3*w**3 + w**2 + 6*w - 7. Let v be c(2). What is the highest common factor of 77 and v?
11
Let z = -34 + 109. What is the greatest common divisor of 50 and z?
25
Let b(t) = 2*t - 2*t - t + 8. Let j be b(-7). Suppose 3*n + 5*p - 35 = 0, 16*p - 40 = -2*n + 21*p. Calculate the greatest common divisor of j and n.
15
Suppose 0 = 4*o + 2*l - 24, -4*l = -0*o - 4*o + 48. Let c be 2/3 - 4/(-3). What is the greatest common divisor of c and o?
2
Let j = 7 - -42. Let a = 8 - 3. Suppose 2*u - q - 18 = -2*q, 0 = a*u + 4*q - 51. What is the greatest common factor of j and u?
7
Let d = 14 - 14. Suppose 4*l - 15 + 3 = d. Suppose -4*y + 2*q - q + 55 = 0, l*q = -4*y + 59. Calculate the highest common divisor of y and 2.
2
Let u be 2/((-18)/22 - -1). Let z be (-3 + -1)/2 + u. Let f be (-6)/(-10) - 84/(-10). What is the highest common factor of f and z?
9
Let y(v) = -v**3 - 16*v**2 + 22*v - 14. Let a be y(-18). Suppose 8*d - a = d. What is the greatest common divisor of d and 85?
17
Let m(s) = 59*s**3 - 2*s**2 - 2*s + 4. Let r be m(2). Calculate the greatest common factor of 29 and r.
29
Let y(t) = 28 - t**2 + t**3 - 12 + 6*t**2 - 7. Let g be y(-5). Calculate the highest common divisor of 72 and g.
9
Suppose -4*n - 20 + 120 = 0. Suppose -2*p - 3*p = -n. Suppose w = 2*z + 23, -5*w - 5*z = -2*z - 63. Calculate the highest common factor of p and w.
5
Let o(q) = -4*q - 24. Let b be o(-10). Calculate the highest common divisor of b and 6.
2
Let i = -2 + 35. Let f(l) = 4*l + 11. Let c be f(11). Let s = c - 44. What is the highest common factor of s and i?
11
Suppose -2*o = -5*o - 30. Let t be ((-3)/(-2))/((-5)/o). Suppose t*s - 23 = 16. Calculate the greatest common factor of 13 and s.
13
Suppose -70*g = 42*g - 14560. Calculate the greatest common factor of 2015 and g.
65
Suppose z - 95 = -18. Calculate the greatest common divisor of z and 7.
7
Let x = -34 - -52. Calculate the highest common factor of x and 138.
6
Let n(u) = u**2 + 11*u + 14. Let w be n(-13). Suppose -4*b = -b. Let t be b - -8*(0 + 2). What is the greatest common factor of t and w?
8
Suppose -5*u = h - 423, 3*h - 261 = -2*u - u. Let d be 2*-1 - (-6 - -2). Let a(r) = 8*r - 4. Let j be a(d). Calculate the highest common divisor of u and j.
12
Let v be -4*(180/8)/(-9). Let w be (684/v)/((-90)/25 + 4). What is the highest common factor of w and 57?
57
Suppose 11*z - 140 = 9*z. Suppose -16*a + z = -11*a. What is the highest common divisor of a and 2?
2
Suppose 3*w + 7 - 103 = 0. Let j be (0 - 4*w) + 0. Let q = j - -233. What is the highest common divisor of q and 21?
21
Suppose -q - 59 = 12. Let j = -60 - q. What is the highest common divisor of 11 and j?
11
Let q = 173 - 64. Let z = 121 - q. Let n(u) = -u**2 - 8*u + 5. Let y be n(-7). What is the greatest common factor of y and z?
12
Suppose 0 = -112*r + 113*r - 1185. Calculate the greatest common divisor of r and 15.
15
Let n be (308/12)/(-7)*-9. Let r be 1380/42 - (-2)/14. What is the highest common factor of n and r?
33
Let b(u) = -7*u + 1. Let k be b(-2). Let h = k - 6. Let c be ((-10)/(-12))/(h/54). What is the greatest common factor of 15 and c?
5
Let n = -112 - -172. Calculate the greatest common divisor of n and 30.
30
Let a(v) = -v**3 + 6*v**2 + 7*v + 15. Let n be a(7). Suppose -n*w = -11*w - 304. Calculate the highest common divisor of w and 19.
19
Suppose 2*x + k = -4*k + 545, 5*k = -x + 275. What is the greatest common factor of 30 and x?
30
Let j(b) = -2121*b - 9. Let v(h) = 265*h + 1. Let n(a) = -4*j(a) - 33*v(a). Let x be n(-1). Calculate the greatest common factor of x and 33.
33
Let r(q) = q**3 - 8*q**2 + 11*q + 6. Suppose 43 = 5*f - 5*g + 3, 34 = 5*f + g. Let x be r(f). What is the greatest common divisor of x and 238?
34
Let q(v) = 2*v**2 + 16*v + 15. Let y be q(-1). Let l be 1 + 0 + 140*1. Let w be -1*((-3 - l) + y). What is the highest common divisor of w and 13?
13
Let d = -28 + 48. Suppose j = -5*t + d, t = -j - 3 + 7. Let b be (32*2)/4 - j. What is the highest common factor of b and 176?
16
Let k be 2*1*1*(-10)/(-20). Let g be (2/4)/((-2)/(-20)). Suppose -4*z + g*z = 9. Calculate the highest common divisor of z and k.
1
Let g be -14 - (-8 - -3) - 756/(-21). Suppose -t = -2*t + 3. What is the highest common factor of g and t?
3
Suppose 3*t - 7*t + 47 = -n, 3*t = n + 36. Suppose -27 = 10*u - t*u. Calculate the highest common factor of u and 297.
27
Suppose -u - 2*b = b - 62, 2*u - 2*b = 92. Suppose -2*p = 2*o - 19 - 3, 5*o = p + 49. Calculate the highest common factor of o and u.
10
Let b(a) = -5*a + 113. Let c be b(13). What is the highest common factor of c and 36?
12
Suppose -2*d - 12 = -6*d. Suppose 30 = -0*g + 3*g - 2*y, 2*g + d*y = 33. Suppose -4*o = 254 - 302. What is the highest common divisor of o and g?
12
Let b be 5640/72 + 8/(-6). Let p = -59 + b. Calculate the highest common factor of p and 42.
6
Let a(x) = 11*